CRAN Package Check Results for Package SPARSEMODr

Last updated on 2024-12-19 23:50:46 CET.

Flavor Version Tinstall Tcheck Ttotal Status Flags
r-devel-linux-x86_64-debian-clang 1.2.0 17.91 438.41 456.32 NOTE
r-devel-linux-x86_64-debian-gcc 1.2.0 12.75 381.16 393.91 NOTE
r-devel-linux-x86_64-fedora-clang 1.2.0 796.08 NOTE
r-devel-linux-x86_64-fedora-gcc 1.2.0 893.57 NOTE
r-devel-windows-x86_64 1.2.0 21.00 644.00 665.00 NOTE
r-patched-linux-x86_64 1.2.0 22.47 477.50 499.97 OK
r-release-linux-x86_64 1.2.0 18.75 477.54 496.29 OK
r-release-macos-arm64 1.2.0 284.00 OK
r-release-macos-x86_64 1.2.0 426.00 OK
r-release-windows-x86_64 1.2.0 21.00 663.00 684.00 OK
r-oldrel-macos-arm64 1.2.0 350.00 OK
r-oldrel-macos-x86_64 1.2.0 502.00 OK
r-oldrel-windows-x86_64 1.2.0 28.00 716.00 744.00 OK

Check Details

Version: 1.2.0
Check: Rd cross-references
Result: NOTE Found the following Rd file(s) with Rd \link{} targets missing package anchors: model_parallel.Rd: future_lapply Please provide package anchors for all Rd \link{} targets not in the package itself and the base packages. Flavors: r-devel-linux-x86_64-debian-clang, r-devel-linux-x86_64-debian-gcc, r-devel-windows-x86_64

Version: 1.2.0
Check: dependencies in R code
Result: NOTE Namespaces in Imports field not imported from: ‘future’ ‘geosphere’ ‘lubridate’ ‘tidyverse’ ‘viridis’ All declared Imports should be used. Flavors: r-devel-linux-x86_64-fedora-clang, r-devel-linux-x86_64-fedora-gcc