CRAN Package Check Results for Package SSLR

Last updated on 2024-12-19 23:50:46 CET.

Flavor Version Tinstall Tcheck Ttotal Status Flags
r-devel-linux-x86_64-debian-clang 0.9.3.3 30.32 222.12 252.44 NOTE
r-devel-linux-x86_64-debian-gcc 0.9.3.3 19.56 161.36 180.92 NOTE
r-devel-linux-x86_64-fedora-clang 0.9.3.3 433.00 OK
r-devel-linux-x86_64-fedora-gcc 0.9.3.3 421.46 OK
r-devel-windows-x86_64 0.9.3.3 34.00 243.00 277.00 NOTE
r-patched-linux-x86_64 0.9.3.3 35.15 210.67 245.82 OK
r-release-linux-x86_64 0.9.3.3 28.78 212.57 241.35 OK
r-release-macos-arm64 0.9.3.3 118.00 OK
r-release-macos-x86_64 0.9.3.3 276.00 OK
r-release-windows-x86_64 0.9.3.3 32.00 250.00 282.00 OK
r-oldrel-macos-arm64 0.9.3.3 131.00 OK
r-oldrel-macos-x86_64 0.9.3.3 248.00 OK
r-oldrel-windows-x86_64 0.9.3.3 42.00 318.00 360.00 OK

Check Details

Version: 0.9.3.3
Check: Rd cross-references
Result: NOTE Found the following Rd file(s) with Rd \link{} targets missing package anchors: LinearTSVMSSLR.Rd: SVM Please provide package anchors for all Rd \link{} targets not in the package itself and the base packages. Flavors: r-devel-linux-x86_64-debian-clang, r-devel-linux-x86_64-debian-gcc, r-devel-windows-x86_64