Last updated on 2024-12-19 23:50:45 CET.
Flavor | Version | Tinstall | Tcheck | Ttotal | Status | Flags |
---|---|---|---|---|---|---|
r-devel-linux-x86_64-debian-clang | 1.0 | 12.98 | 27.21 | 40.19 | NOTE | |
r-devel-linux-x86_64-debian-gcc | 1.0 | 8.82 | 21.60 | 30.42 | NOTE | |
r-devel-linux-x86_64-fedora-clang | 1.0 | 67.23 | NOTE | |||
r-devel-linux-x86_64-fedora-gcc | 1.0 | 65.86 | NOTE | |||
r-devel-windows-x86_64 | 1.0 | 16.00 | 65.00 | 81.00 | NOTE | |
r-patched-linux-x86_64 | 1.0 | 12.13 | 25.99 | 38.12 | NOTE | |
r-release-linux-x86_64 | 1.0 | 12.09 | 26.26 | 38.35 | NOTE | |
r-release-macos-arm64 | 1.0 | 22.00 | NOTE | |||
r-release-macos-x86_64 | 1.0 | 34.00 | NOTE | |||
r-release-windows-x86_64 | 1.0 | 16.00 | 66.00 | 82.00 | NOTE | |
r-oldrel-macos-arm64 | 1.0 | 26.00 | NOTE | |||
r-oldrel-macos-x86_64 | 1.0 | 40.00 | NOTE | |||
r-oldrel-windows-x86_64 | 1.0 | 16.00 | 73.00 | 89.00 | NOTE |
Version: 1.0
Check: C++ specification
Result: NOTE
Specified C++11: please drop specification unless essential
Flavors: r-devel-linux-x86_64-debian-clang, r-devel-linux-x86_64-debian-gcc, r-devel-linux-x86_64-fedora-clang, r-devel-linux-x86_64-fedora-gcc, r-devel-windows-x86_64, r-patched-linux-x86_64, r-release-linux-x86_64, r-release-macos-arm64, r-release-macos-x86_64, r-release-windows-x86_64, r-oldrel-macos-arm64, r-oldrel-macos-x86_64, r-oldrel-windows-x86_64
Version: 1.0
Check: for GNU extensions in Makefiles
Result: NOTE
GNU make is a SystemRequirements.
Flavors: r-patched-linux-x86_64, r-release-linux-x86_64, r-release-macos-arm64, r-release-macos-x86_64, r-release-windows-x86_64, r-oldrel-macos-arm64, r-oldrel-macos-x86_64, r-oldrel-windows-x86_64