Last updated on 2024-12-19 23:50:46 CET.
Flavor | Version | Tinstall | Tcheck | Ttotal | Status | Flags |
---|---|---|---|---|---|---|
r-devel-linux-x86_64-debian-clang | 0.1.3 | 44.31 | 214.08 | 258.39 | OK | |
r-devel-linux-x86_64-debian-gcc | 0.1.3 | 30.33 | 155.25 | 185.58 | OK | |
r-devel-linux-x86_64-fedora-clang | 0.1.3 | 433.35 | OK | |||
r-devel-linux-x86_64-fedora-gcc | 0.1.3 | 443.44 | OK | |||
r-devel-windows-x86_64 | 0.1.3 | 44.00 | 201.00 | 245.00 | OK | |
r-patched-linux-x86_64 | 0.1.3 | 42.94 | 200.97 | 243.91 | NOTE | |
r-release-linux-x86_64 | 0.1.3 | 42.24 | 199.62 | 241.86 | NOTE | |
r-release-macos-arm64 | 0.1.3 | 105.00 | NOTE | |||
r-release-macos-x86_64 | 0.1.3 | 157.00 | NOTE | |||
r-release-windows-x86_64 | 0.1.3 | 45.00 | 207.00 | 252.00 | NOTE | |
r-oldrel-macos-arm64 | 0.1.3 | 118.00 | NOTE | |||
r-oldrel-macos-x86_64 | 0.1.3 | 299.00 | NOTE | |||
r-oldrel-windows-x86_64 | 0.1.3 | 56.00 | 271.00 | 327.00 | NOTE |
Version: 0.1.3
Check: LazyData
Result: NOTE
'LazyData' is specified without a 'data' directory
Flavors: r-patched-linux-x86_64, r-release-linux-x86_64, r-release-macos-arm64, r-release-macos-x86_64, r-release-windows-x86_64, r-oldrel-macos-arm64, r-oldrel-macos-x86_64, r-oldrel-windows-x86_64