Last updated on 2024-12-19 23:50:46 CET.
Flavor | Version | Tinstall | Tcheck | Ttotal | Status | Flags |
---|---|---|---|---|---|---|
r-devel-linux-x86_64-debian-clang | 2.0.7 | 36.69 | 431.22 | 467.91 | OK | |
r-devel-linux-x86_64-debian-gcc | 2.0.7 | 26.16 | 296.04 | 322.20 | OK | |
r-devel-linux-x86_64-fedora-clang | 2.0.7 | 808.71 | OK | |||
r-devel-linux-x86_64-fedora-gcc | 2.0.7 | 726.80 | OK | |||
r-devel-windows-x86_64 | 2.0.7 | 38.00 | 370.00 | 408.00 | OK | |
r-patched-linux-x86_64 | 2.0.7 | 37.32 | 406.87 | 444.19 | NOTE | |
r-release-linux-x86_64 | 2.0.7 | 39.98 | 411.14 | 451.12 | NOTE | |
r-release-macos-arm64 | 2.0.7 | 175.00 | NOTE | |||
r-release-macos-x86_64 | 2.0.7 | 283.00 | NOTE | |||
r-release-windows-x86_64 | 2.0.7 | 37.00 | 358.00 | 395.00 | NOTE | |
r-oldrel-macos-arm64 | 2.0.7 | 175.00 | NOTE | |||
r-oldrel-macos-x86_64 | 2.0.7 | 487.00 | NOTE | |||
r-oldrel-windows-x86_64 | 2.0.7 | 49.00 | 550.00 | 599.00 | NOTE |
Version: 2.0.7
Check: package dependencies
Result: NOTE
Package suggested but not available for checking: ‘NLMR’
Flavors: r-patched-linux-x86_64, r-release-linux-x86_64, r-release-macos-arm64, r-release-macos-x86_64, r-release-windows-x86_64, r-oldrel-macos-arm64, r-oldrel-macos-x86_64, r-oldrel-windows-x86_64