CRAN Package Check Results for Package SpatialDDLS

Last updated on 2024-12-19 23:50:46 CET.

Flavor Version Tinstall Tcheck Ttotal Status Flags
r-devel-linux-x86_64-debian-clang 1.0.3 37.57 408.12 445.69 OK
r-devel-linux-x86_64-debian-gcc 1.0.3 29.77 282.55 312.32 OK
r-devel-linux-x86_64-fedora-clang 1.0.3 773.09 OK
r-devel-linux-x86_64-fedora-gcc 1.0.3 743.61 OK
r-devel-windows-x86_64 1.0.3 51.00 656.00 707.00 OK
r-patched-linux-x86_64 1.0.3 38.67 376.83 415.50 OK
r-release-linux-x86_64 1.0.3 38.98 382.58 421.56 OK
r-release-macos-arm64 1.0.3 137.00 OK
r-release-macos-x86_64 1.0.3 228.00 OK
r-release-windows-x86_64 1.0.3 53.00 631.00 684.00 OK
r-oldrel-macos-arm64 1.0.3 9.00 ERROR
r-oldrel-macos-x86_64 1.0.3 11.00 ERROR
r-oldrel-windows-x86_64 1.0.3 60.00 700.00 760.00 OK

Check Details

Version: 1.0.3
Check: package dependencies
Result: ERROR Package required but not available: ‘SpatialExperiment’ Package suggested but not available for checking: ‘HDF5Array’ See section ‘The DESCRIPTION file’ in the ‘Writing R Extensions’ manual. Flavors: r-oldrel-macos-arm64, r-oldrel-macos-x86_64