CRAN Package Check Results for Package TDAkit

Last updated on 2024-12-19 23:50:47 CET.

Flavor Version Tinstall Tcheck Ttotal Status Flags
r-devel-linux-x86_64-debian-clang 0.1.2 47.81 153.24 201.05 NOTE
r-devel-linux-x86_64-debian-gcc 0.1.2 32.28 114.31 146.59 NOTE
r-devel-linux-x86_64-fedora-clang 0.1.2 340.98 NOTE
r-devel-linux-x86_64-fedora-gcc 0.1.2 322.62 NOTE
r-devel-windows-x86_64 0.1.2 52.00 222.00 274.00 NOTE
r-patched-linux-x86_64 0.1.2 44.12 142.49 186.61 NOTE
r-release-linux-x86_64 0.1.2 46.42 144.60 191.02 NOTE
r-release-macos-arm64 0.1.2 75.00 NOTE
r-release-macos-x86_64 0.1.2 109.00 NOTE
r-release-windows-x86_64 0.1.2 52.00 166.00 218.00 NOTE
r-oldrel-macos-arm64 0.1.2 91.00 NOTE
r-oldrel-macos-x86_64 0.1.2 158.00 NOTE
r-oldrel-windows-x86_64 0.1.2 64.00 310.00 374.00 NOTE

Check Details

Version: 0.1.2
Check: C++ specification
Result: NOTE Specified C++11: please drop specification unless essential Flavors: r-devel-linux-x86_64-debian-clang, r-devel-linux-x86_64-debian-gcc, r-devel-linux-x86_64-fedora-clang, r-devel-linux-x86_64-fedora-gcc, r-devel-windows-x86_64, r-patched-linux-x86_64, r-release-linux-x86_64, r-release-macos-arm64, r-release-macos-x86_64, r-release-windows-x86_64, r-oldrel-macos-arm64, r-oldrel-macos-x86_64, r-oldrel-windows-x86_64