Last updated on 2024-12-19 23:50:47 CET.
Flavor | Version | Tinstall | Tcheck | Ttotal | Status | Flags |
---|---|---|---|---|---|---|
r-devel-linux-x86_64-debian-clang | 2.0.4 | 3.11 | 139.10 | 142.21 | NOTE | |
r-devel-linux-x86_64-debian-gcc | 2.0.4 | 2.44 | 98.93 | 101.37 | NOTE | |
r-devel-linux-x86_64-fedora-clang | 2.0.4 | 227.80 | NOTE | |||
r-devel-linux-x86_64-fedora-gcc | 2.0.4 | 232.27 | NOTE | |||
r-devel-windows-x86_64 | 2.0.4 | 5.00 | 155.00 | 160.00 | NOTE | |
r-patched-linux-x86_64 | 2.0.4 | 3.51 | 132.17 | 135.68 | NOTE | |
r-release-linux-x86_64 | 2.0.4 | 3.61 | 134.97 | 138.58 | NOTE | |
r-release-macos-arm64 | 2.0.4 | 72.00 | NOTE | |||
r-release-macos-x86_64 | 2.0.4 | 158.00 | NOTE | |||
r-release-windows-x86_64 | 2.0.4 | 5.00 | 220.00 | 225.00 | NOTE | |
r-oldrel-macos-arm64 | 2.0.4 | 85.00 | OK | |||
r-oldrel-macos-x86_64 | 2.0.4 | 149.00 | OK | |||
r-oldrel-windows-x86_64 | 2.0.4 | 6.00 | 246.00 | 252.00 | OK |
Version: 2.0.4
Check: Rd files
Result: NOTE
checkRd: (-1) Tendril.Rd:53: Lost braces in \itemize; \value handles \item{}{} directly
checkRd: (-1) Tendril.Rd:54: Lost braces in \itemize; \value handles \item{}{} directly
checkRd: (-1) Tendril.Rd:55: Lost braces in \itemize; \value handles \item{}{} directly
checkRd: (-1) Tendril.Rd:56: Lost braces in \itemize; \value handles \item{}{} directly
checkRd: (-1) Tendril.Rd:57: Lost braces in \itemize; \value handles \item{}{} directly
checkRd: (-1) Tendril.Rd:58: Lost braces in \itemize; \value handles \item{}{} directly
checkRd: (-1) Tendril.Rd:59: Lost braces in \itemize; \value handles \item{}{} directly
checkRd: (-1) Tendril.Rd:60: Lost braces in \itemize; \value handles \item{}{} directly
checkRd: (-1) Tendril.Rd:61: Lost braces in \itemize; \value handles \item{}{} directly
checkRd: (-1) Tendril.Rd:62: Lost braces in \itemize; \value handles \item{}{} directly
checkRd: (-1) Tendril.Rd:63: Lost braces in \itemize; \value handles \item{}{} directly
checkRd: (-1) Tendril.Rd:64: Lost braces in \itemize; \value handles \item{}{} directly
checkRd: (-1) Tendril.Rd:65: Lost braces in \itemize; \value handles \item{}{} directly
checkRd: (-1) Tendril.Rd:66: Lost braces in \itemize; \value handles \item{}{} directly
checkRd: (-1) Tendril.Rd:67: Lost braces in \itemize; \value handles \item{}{} directly
Flavors: r-devel-linux-x86_64-debian-clang, r-devel-linux-x86_64-debian-gcc, r-devel-linux-x86_64-fedora-clang, r-devel-linux-x86_64-fedora-gcc, r-devel-windows-x86_64, r-patched-linux-x86_64, r-release-linux-x86_64, r-release-macos-arm64, r-release-macos-x86_64, r-release-windows-x86_64
Version: 2.0.4
Check: dependencies in R code
Result: NOTE
Namespace in Imports field not imported from: ‘graphics’
All declared Imports should be used.
Flavors: r-devel-linux-x86_64-fedora-clang, r-devel-linux-x86_64-fedora-gcc