CRAN Package Check Results for Package TransPhylo

Last updated on 2024-12-19 23:50:48 CET.

Flavor Version Tinstall Tcheck Ttotal Status Flags
r-devel-linux-x86_64-debian-clang 1.4.5 18.16 110.92 129.08 NOTE
r-devel-linux-x86_64-debian-gcc 1.4.5 14.24 86.38 100.62 NOTE
r-devel-linux-x86_64-fedora-clang 1.4.5 211.70 NOTE
r-devel-linux-x86_64-fedora-gcc 1.4.5 224.38 NOTE
r-devel-windows-x86_64 1.4.5 23.00 141.00 164.00 NOTE
r-patched-linux-x86_64 1.4.5 19.34 108.01 127.35 NOTE
r-release-linux-x86_64 1.4.5 20.16 106.03 126.19 NOTE
r-release-macos-arm64 1.4.5 70.00 NOTE
r-release-macos-x86_64 1.4.5 104.00 NOTE
r-release-windows-x86_64 1.4.5 25.00 144.00 169.00 NOTE
r-oldrel-macos-arm64 1.4.5 90.00 NOTE
r-oldrel-macos-x86_64 1.4.5 149.00 NOTE
r-oldrel-windows-x86_64 1.4.5 29.00 179.00 208.00 NOTE

Check Details

Version: 1.4.5
Check: C++ specification
Result: NOTE Specified C++11: please drop specification unless essential Flavors: r-devel-linux-x86_64-debian-clang, r-devel-linux-x86_64-debian-gcc, r-devel-linux-x86_64-fedora-clang, r-devel-linux-x86_64-fedora-gcc, r-devel-windows-x86_64, r-patched-linux-x86_64, r-release-linux-x86_64, r-release-macos-arm64, r-release-macos-x86_64, r-release-windows-x86_64, r-oldrel-macos-arm64, r-oldrel-macos-x86_64, r-oldrel-windows-x86_64