CRAN Package Check Results for Package TreeRingShape

Last updated on 2024-12-19 23:50:48 CET.

Flavor Version Tinstall Tcheck Ttotal Status Flags
r-devel-linux-x86_64-debian-clang 3.0.5 2.39 48.91 51.30 OK
r-devel-linux-x86_64-debian-gcc 3.0.5 1.69 37.79 39.48 OK
r-devel-linux-x86_64-fedora-clang 3.0.5 84.81 NOTE
r-devel-linux-x86_64-fedora-gcc 3.0.5 96.72 NOTE
r-devel-windows-x86_64 3.0.5 4.00 85.00 89.00 OK
r-patched-linux-x86_64 3.0.5 2.83 48.84 51.67 OK
r-release-linux-x86_64 3.0.5 2.49 47.31 49.80 OK
r-release-macos-arm64 3.0.5 203.00 OK
r-release-macos-x86_64 3.0.5 218.00 OK
r-release-windows-x86_64 3.0.5 5.00 84.00 89.00 OK
r-oldrel-macos-arm64 3.0.5 207.00 OK
r-oldrel-macos-x86_64 3.0.5 222.00 OK
r-oldrel-windows-x86_64 3.0.5 6.00 93.00 99.00 OK

Check Details

Version: 3.0.5
Check: dependencies in R code
Result: NOTE Namespace in Imports field not imported from: ‘tibble’ All declared Imports should be used. Flavors: r-devel-linux-x86_64-fedora-clang, r-devel-linux-x86_64-fedora-gcc