Last updated on 2024-12-19 23:50:48 CET.
Flavor | Version | Tinstall | Tcheck | Ttotal | Status | Flags |
---|---|---|---|---|---|---|
r-devel-linux-x86_64-debian-clang | 1.12.0 | 71.55 | 151.91 | 223.46 | OK | |
r-devel-linux-x86_64-debian-gcc | 1.12.0 | 53.20 | 100.36 | 153.56 | OK | |
r-devel-linux-x86_64-fedora-clang | 1.12.0 | 377.10 | OK | |||
r-devel-linux-x86_64-fedora-gcc | 1.12.0 | 397.45 | OK | |||
r-devel-windows-x86_64 | 1.12.0 | 81.00 | 198.00 | 279.00 | OK | |
r-patched-linux-x86_64 | 1.12.0 | 77.62 | 142.64 | 220.26 | OK | |
r-release-linux-x86_64 | 1.12.0 | 75.92 | 140.18 | 216.10 | OK | |
r-release-macos-arm64 | 1.12.0 | 109.00 | NOTE | |||
r-release-macos-x86_64 | 1.12.0 | 259.00 | NOTE | |||
r-release-windows-x86_64 | 1.12.0 | 75.00 | 194.00 | 269.00 | OK | |
r-oldrel-macos-arm64 | 1.12.0 | 107.00 | NOTE | |||
r-oldrel-macos-x86_64 | 1.12.0 | 149.00 | NOTE | |||
r-oldrel-windows-x86_64 | 1.12.0 | 94.00 | 251.00 | 345.00 | OK |
Version: 1.12.0
Check: installed package size
Result: NOTE
installed size is 6.1Mb
sub-directories of 1Mb or more:
R 1.1Mb
libs 3.9Mb
Flavors: r-release-macos-arm64, r-release-macos-x86_64, r-oldrel-macos-arm64, r-oldrel-macos-x86_64