CRAN Package Check Results for Package TwoStepCLogit

Last updated on 2024-12-19 23:50:48 CET.

Flavor Version Tinstall Tcheck Ttotal Status Flags
r-devel-linux-x86_64-debian-clang 1.2.5 5.98 56.59 62.57 NOTE
r-devel-linux-x86_64-debian-gcc 1.2.5 4.75 43.74 48.49 NOTE
r-devel-linux-x86_64-fedora-clang 1.2.5 97.78 OK
r-devel-linux-x86_64-fedora-gcc 1.2.5 93.72 OK
r-devel-windows-x86_64 1.2.5 7.00 72.00 79.00 NOTE
r-patched-linux-x86_64 1.2.5 4.82 54.90 59.72 OK
r-release-linux-x86_64 1.2.5 5.80 54.63 60.43 OK
r-release-macos-arm64 1.2.5 30.00 OK
r-release-macos-x86_64 1.2.5 46.00 OK
r-release-windows-x86_64 1.2.5 7.00 84.00 91.00 OK
r-oldrel-macos-arm64 1.2.5 33.00 OK
r-oldrel-macos-x86_64 1.2.5 55.00 OK
r-oldrel-windows-x86_64 1.2.5 9.00 84.00 93.00 OK

Check Details

Version: 1.2.5
Check: Rd cross-references
Result: NOTE Found the following Rd file(s) with Rd \link{} targets missing package anchors: Ts.estim.Rd: coxph Please provide package anchors for all Rd \link{} targets not in the package itself and the base packages. Flavors: r-devel-linux-x86_64-debian-clang, r-devel-linux-x86_64-debian-gcc, r-devel-windows-x86_64