CRAN Package Check Results for Package UComp

Last updated on 2024-12-19 23:50:48 CET.

Flavor Version Tinstall Tcheck Ttotal Status Flags
r-devel-linux-x86_64-debian-clang 5.0.5 115.63 92.55 208.18 OK
r-devel-linux-x86_64-debian-gcc 5.0.5 93.08 66.42 159.50 OK
r-devel-linux-x86_64-fedora-clang 5.0.5 341.03 OK
r-devel-linux-x86_64-fedora-gcc 5.0.5 423.66 OK
r-devel-windows-x86_64 5.0.5 120.00 149.00 269.00 OK
r-patched-linux-x86_64 5.0.5 130.92 88.42 219.34 OK
r-release-linux-x86_64 5.0.5 134.65 89.17 223.82 OK
r-release-macos-arm64 5.0.5 96.00 NOTE
r-release-macos-x86_64 5.0.5 172.00 NOTE
r-release-windows-x86_64 5.0.4 114.00 152.00 266.00 OK
r-oldrel-macos-arm64 5.0.5 89.00 NOTE
r-oldrel-macos-x86_64 5.0.5 185.00 NOTE
r-oldrel-windows-x86_64 5.0.5 149.00 176.00 325.00 OK

Check Details

Version: 5.0.5
Check: installed package size
Result: NOTE installed size is 22.3Mb sub-directories of 1Mb or more: libs 21.8Mb Flavors: r-release-macos-arm64, r-release-macos-x86_64, r-oldrel-macos-arm64, r-oldrel-macos-x86_64