Last updated on 2024-12-19 23:50:48 CET.
Flavor | Version | Tinstall | Tcheck | Ttotal | Status | Flags |
---|---|---|---|---|---|---|
r-devel-linux-x86_64-debian-clang | 1.0.0 | 21.43 | 175.17 | 196.60 | OK | |
r-devel-linux-x86_64-debian-gcc | 1.0.0 | 17.12 | 126.26 | 143.38 | OK | |
r-devel-linux-x86_64-fedora-clang | 1.0.0 | 308.84 | OK | |||
r-devel-linux-x86_64-fedora-gcc | 1.0.0 | 286.70 | OK | |||
r-devel-windows-x86_64 | 1.0.0 | 21.00 | 173.00 | 194.00 | OK | |
r-patched-linux-x86_64 | 1.0.0 | 24.76 | 165.16 | 189.92 | OK | |
r-release-linux-x86_64 | 1.0.0 | 22.11 | 165.52 | 187.63 | OK | |
r-release-macos-arm64 | 1.0.0 | 92.00 | NOTE | |||
r-release-macos-x86_64 | 1.0.0 | 127.00 | NOTE | |||
r-release-windows-x86_64 | 1.0.0 | 23.00 | 168.00 | 191.00 | NOTE | |
r-oldrel-macos-arm64 | 1.0.0 | 102.00 | NOTE | |||
r-oldrel-macos-x86_64 | 1.0.0 | 236.00 | NOTE | |||
r-oldrel-windows-x86_64 | 1.0.0 | 31.00 | 219.00 | 250.00 | NOTE |
Version: 1.0.0
Check: installed package size
Result: NOTE
installed size is 5.4Mb
sub-directories of 1Mb or more:
R 1.8Mb
help 2.6Mb
Flavors: r-release-macos-arm64, r-release-macos-x86_64, r-release-windows-x86_64, r-oldrel-macos-arm64, r-oldrel-macos-x86_64, r-oldrel-windows-x86_64