CRAN Package Check Results for Package VBel

Last updated on 2024-12-19 23:50:48 CET.

Flavor Version Tinstall Tcheck Ttotal Status Flags
r-devel-linux-x86_64-debian-clang 1.1.0 38.66 24.50 63.16 OK
r-devel-linux-x86_64-debian-gcc 1.1.0 31.10 22.08 53.18 OK
r-devel-linux-x86_64-fedora-clang 1.1.0 114.60 OK
r-devel-linux-x86_64-fedora-gcc 1.1.0 133.67 OK
r-devel-windows-x86_64 1.1.0 39.00 72.00 111.00 OK
r-patched-linux-x86_64 1.1.0 38.87 27.40 66.27 OK
r-release-linux-x86_64 1.1.0 42.29 27.75 70.04 OK
r-release-macos-arm64 1.1.0 37.00 NOTE
r-release-macos-x86_64 1.1.0 62.00 NOTE
r-release-windows-x86_64 1.1.0 41.00 80.00 121.00 OK
r-oldrel-macos-arm64 1.1.0 38.00 NOTE
r-oldrel-macos-x86_64 1.1.0 52.00 NOTE
r-oldrel-windows-x86_64 1.1.0 48.00 78.00 126.00 OK

Check Details

Version: 1.1.0
Check: installed package size
Result: NOTE installed size is 15.1Mb sub-directories of 1Mb or more: libs 15.0Mb Flavors: r-release-macos-arm64, r-release-macos-x86_64, r-oldrel-macos-arm64, r-oldrel-macos-x86_64