Last updated on 2024-12-19 23:50:48 CET.
Flavor | Version | Tinstall | Tcheck | Ttotal | Status | Flags |
---|---|---|---|---|---|---|
r-devel-linux-x86_64-debian-clang | 1.4 | 85.23 | 76.50 | 161.73 | OK | |
r-devel-linux-x86_64-debian-gcc | 1.4 | 60.82 | 57.40 | 118.22 | OK | |
r-devel-linux-x86_64-fedora-clang | 1.4 | 322.64 | OK | |||
r-devel-linux-x86_64-fedora-gcc | 1.4 | 314.04 | OK | |||
r-devel-windows-x86_64 | 1.4 | 92.00 | 109.00 | 201.00 | OK | |
r-patched-linux-x86_64 | 1.4 | 85.33 | 76.69 | 162.02 | OK | |
r-release-linux-x86_64 | 1.4 | 87.65 | 76.74 | 164.39 | OK | |
r-release-macos-arm64 | 1.4 | 69.00 | NOTE | |||
r-release-macos-x86_64 | 1.4 | 85.00 | NOTE | |||
r-release-windows-x86_64 | 1.4 | 90.00 | 105.00 | 195.00 | OK | |
r-oldrel-macos-arm64 | 1.4 | 85.00 | NOTE | |||
r-oldrel-macos-x86_64 | 1.4 | 98.00 | NOTE | |||
r-oldrel-windows-x86_64 | 1.4 | 107.00 | 132.00 | 239.00 | OK |
Version: 1.4
Check: installed package size
Result: NOTE
installed size is 5.0Mb
sub-directories of 1Mb or more:
libs 4.3Mb
Flavors: r-release-macos-arm64, r-release-macos-x86_64, r-oldrel-macos-arm64, r-oldrel-macos-x86_64