Last updated on 2024-12-19 23:50:48 CET.
Flavor | Version | Tinstall | Tcheck | Ttotal | Status | Flags |
---|---|---|---|---|---|---|
r-devel-linux-x86_64-debian-clang | 0.99.1 | 28.64 | 473.65 | 502.29 | NOTE | |
r-devel-linux-x86_64-debian-gcc | 0.99.1 | 21.72 | 381.90 | 403.62 | NOTE | |
r-devel-linux-x86_64-fedora-clang | 0.99.1 | 770.52 | OK | |||
r-devel-linux-x86_64-fedora-gcc | 0.99.1 | 750.48 | OK | |||
r-devel-windows-x86_64 | 0.99.1 | 29.00 | 418.00 | 447.00 | NOTE | |
r-patched-linux-x86_64 | 0.99.1 | 28.89 | 448.42 | 477.31 | OK | |
r-release-linux-x86_64 | 0.99.1 | 26.07 | 454.05 | 480.12 | OK | |
r-release-macos-arm64 | 0.99.1 | 219.00 | OK | |||
r-release-macos-x86_64 | 0.99.1 | 322.00 | OK | |||
r-release-windows-x86_64 | 0.99.1 | 31.00 | 414.00 | 445.00 | OK | |
r-oldrel-macos-arm64 | 0.99.1 | 203.00 | OK | |||
r-oldrel-macos-x86_64 | 0.99.1 | 322.00 | OK | |||
r-oldrel-windows-x86_64 | 0.99.1 | 39.00 | 543.00 | 582.00 | OK |
Version: 0.99.1
Check: Rd cross-references
Result: NOTE
Found the following Rd file(s) with Rd \link{} targets missing package
anchors:
VSOLassoBag.Rd: coxph
Please provide package anchors for all Rd \link{} targets not in the
package itself and the base packages.
Flavors: r-devel-linux-x86_64-debian-clang, r-devel-linux-x86_64-debian-gcc, r-devel-windows-x86_64