CRAN Package Check Results for Package VoxR

Last updated on 2024-12-19 23:50:48 CET.

Flavor Version Tinstall Tcheck Ttotal Status Flags
r-devel-linux-x86_64-debian-clang 1.0.0 3.22 60.87 64.09 OK
r-devel-linux-x86_64-debian-gcc 1.0.0 2.55 68.28 70.83 OK
r-devel-linux-x86_64-fedora-clang 1.0.0 112.34 OK
r-devel-linux-x86_64-fedora-gcc 1.0.0 101.26 OK
r-devel-windows-x86_64 1.0.0 7.00 83.00 90.00 OK
r-patched-linux-x86_64 1.0.0 3.81 69.25 73.06 NOTE
r-release-linux-x86_64 1.0.0 3.20 68.69 71.89 NOTE
r-release-macos-arm64 1.0.0 28.00 NOTE
r-release-macos-x86_64 1.0.0 46.00 NOTE
r-release-windows-x86_64 1.0.0 6.00 79.00 85.00 NOTE
r-oldrel-macos-arm64 1.0.0 32.00 NOTE
r-oldrel-macos-x86_64 1.0.0 53.00 NOTE
r-oldrel-windows-x86_64 1.0.0 8.00 94.00 102.00 NOTE

Check Details

Version: 1.0.0
Check: LazyData
Result: NOTE 'LazyData' is specified without a 'data' directory Flavors: r-patched-linux-x86_64, r-release-linux-x86_64, r-release-macos-arm64, r-release-macos-x86_64, r-release-windows-x86_64, r-oldrel-macos-arm64, r-oldrel-macos-x86_64, r-oldrel-windows-x86_64