CRAN Package Check Results for Package WGCNA

Last updated on 2024-12-19 23:50:48 CET.

Flavor Version Tinstall Tcheck Ttotal Status Flags
r-devel-linux-x86_64-debian-clang 1.73 62.12 359.63 421.75 OK
r-devel-linux-x86_64-debian-gcc 1.73 43.83 248.38 292.21 OK
r-devel-linux-x86_64-fedora-clang 1.73 681.79 OK
r-devel-linux-x86_64-fedora-gcc 1.73 640.42 OK
r-devel-windows-x86_64 1.73 64.00 385.00 449.00 OK
r-patched-linux-x86_64 1.73 65.00 332.66 397.66 OK
r-release-linux-x86_64 1.73 63.67 336.39 400.06 OK
r-release-macos-arm64 1.73 136.00 NOTE
r-release-macos-x86_64 1.73 338.00 NOTE
r-release-windows-x86_64 1.73 58.00 369.00 427.00 OK
r-oldrel-macos-arm64 1.73 171.00 NOTE
r-oldrel-macos-x86_64 1.73 289.00 NOTE
r-oldrel-windows-x86_64 1.73 89.00 546.00 635.00 OK

Check Details

Version: 1.73
Check: package dependencies
Result: NOTE Package suggested but not available for checking: ‘org.Mm.eg.db’ Flavors: r-release-macos-arm64, r-oldrel-macos-x86_64

Version: 1.73
Check: installed package size
Result: NOTE installed size is 5.3Mb sub-directories of 1Mb or more: R 2.0Mb libs 1.5Mb Flavors: r-release-macos-arm64, r-release-macos-x86_64, r-oldrel-macos-arm64, r-oldrel-macos-x86_64