Last updated on 2024-12-19 23:50:49 CET.
Flavor | Version | Tinstall | Tcheck | Ttotal | Status | Flags |
---|---|---|---|---|---|---|
r-devel-linux-x86_64-debian-clang | 1.5.4 | 150.43 | 176.36 | 326.79 | OK | |
r-devel-linux-x86_64-debian-gcc | 1.5.4 | 117.77 | 104.91 | 222.68 | OK | |
r-devel-linux-x86_64-fedora-clang | 1.5.4 | 596.95 | OK | |||
r-devel-linux-x86_64-fedora-gcc | 1.5.4 | 671.28 | OK | |||
r-devel-windows-x86_64 | 1.5.4 | 149.00 | 185.00 | 334.00 | OK | |
r-patched-linux-x86_64 | 1.5.4 | 157.62 | 163.64 | 321.26 | OK | |
r-release-linux-x86_64 | 1.5.4 | 166.72 | 159.44 | 326.16 | OK | |
r-release-macos-arm64 | 1.5.4 | 121.00 | NOTE | |||
r-release-macos-x86_64 | 1.5.4 | 186.00 | NOTE | |||
r-release-windows-x86_64 | 1.5.4 | 150.00 | 184.00 | 334.00 | OK | |
r-oldrel-macos-arm64 | 1.5.4 | 113.00 | NOTE | |||
r-oldrel-macos-x86_64 | 1.5.4 | 210.00 | NOTE | |||
r-oldrel-windows-x86_64 | 1.5.4 | 182.00 | 235.00 | 417.00 | OK |
Version: 1.5.4
Check: installed package size
Result: NOTE
installed size is 14.9Mb
sub-directories of 1Mb or more:
doc 2.5Mb
libs 12.2Mb
Flavors: r-release-macos-arm64, r-release-macos-x86_64, r-oldrel-macos-arm64, r-oldrel-macos-x86_64