Last updated on 2024-12-19 23:50:28 CET.
Flavor | Version | Tinstall | Tcheck | Ttotal | Status | Flags |
---|---|---|---|---|---|---|
r-devel-linux-x86_64-debian-clang | 1.1 | 26.22 | 23.97 | 50.19 | NOTE | |
r-devel-linux-x86_64-debian-gcc | 1.1 | 19.21 | 19.32 | 38.53 | NOTE | |
r-devel-linux-x86_64-fedora-clang | 1.1 | 90.82 | NOTE | |||
r-devel-linux-x86_64-fedora-gcc | 1.1 | 95.74 | NOTE | |||
r-devel-windows-x86_64 | 1.1 | 27.00 | 65.00 | 92.00 | NOTE | |
r-patched-linux-x86_64 | 1.1 | 26.45 | 23.65 | 50.10 | NOTE | |
r-release-linux-x86_64 | 1.1 | 26.79 | 23.94 | 50.73 | NOTE | |
r-release-macos-arm64 | 1.1 | 28.00 | NOTE | |||
r-release-macos-x86_64 | 1.1 | 46.00 | NOTE | |||
r-release-windows-x86_64 | 1.1 | 27.00 | 66.00 | 93.00 | NOTE | |
r-oldrel-macos-arm64 | 1.1 | 29.00 | NOTE | |||
r-oldrel-macos-x86_64 | 1.1 | 47.00 | NOTE | |||
r-oldrel-windows-x86_64 | 1.1 | 34.00 | 76.00 | 110.00 | NOTE |
Version: 1.1
Check: C++ specification
Result: NOTE
Specified C++11: please drop specification unless essential
Flavors: r-devel-linux-x86_64-debian-clang, r-devel-linux-x86_64-debian-gcc, r-devel-linux-x86_64-fedora-clang, r-devel-linux-x86_64-fedora-gcc, r-devel-windows-x86_64, r-patched-linux-x86_64, r-release-linux-x86_64, r-release-macos-arm64, r-release-macos-x86_64, r-release-windows-x86_64, r-oldrel-macos-arm64, r-oldrel-macos-x86_64, r-oldrel-windows-x86_64