CRAN Package Check Results for Package addScales

Last updated on 2024-12-19 23:50:28 CET.

Flavor Version Tinstall Tcheck Ttotal Status Flags
r-devel-linux-x86_64-debian-clang 1.0-1 2.74 44.96 47.70 NOTE
r-devel-linux-x86_64-debian-gcc 1.0-1 2.20 36.17 38.37 NOTE
r-devel-linux-x86_64-fedora-clang 1.0-1 77.32 OK
r-devel-linux-x86_64-fedora-gcc 1.0-1 86.48 OK
r-devel-windows-x86_64 1.0-1 4.00 62.00 66.00 NOTE
r-patched-linux-x86_64 1.0-1 2.65 43.25 45.90 OK
r-release-linux-x86_64 1.0-1 2.35 43.91 46.26 OK
r-release-macos-arm64 1.0-1 31.00 OK
r-release-macos-x86_64 1.0-1 52.00 OK
r-release-windows-x86_64 1.0-1 5.00 60.00 65.00 OK
r-oldrel-macos-arm64 1.0-1 29.00 OK
r-oldrel-macos-x86_64 1.0-1 44.00 OK
r-oldrel-windows-x86_64 1.0-1 5.00 68.00 73.00 OK

Check Details

Version: 1.0-1
Check: Rd cross-references
Result: NOTE Found the following Rd file(s) with Rd \link{} targets missing package anchors: addScales.Rd: panel.text, xyplot, panel.refline panel.addScales.Rd: panel.text, panel.refline prepanel.trim.Rd: xyplot, prepanel.default.xyplot update.scaledTrellis.Rd: update.trellis Please provide package anchors for all Rd \link{} targets not in the package itself and the base packages. Flavors: r-devel-linux-x86_64-debian-clang, r-devel-linux-x86_64-debian-gcc, r-devel-windows-x86_64