Last updated on 2024-12-19 23:50:28 CET.
Flavor | Version | Tinstall | Tcheck | Ttotal | Status | Flags |
---|---|---|---|---|---|---|
r-devel-linux-x86_64-debian-clang | 0.1.6 | 6.59 | 51.30 | 57.89 | OK | |
r-devel-linux-x86_64-debian-gcc | 0.1.6 | 5.66 | 36.98 | 42.64 | OK | |
r-devel-linux-x86_64-fedora-clang | 0.1.6 | 97.03 | OK | |||
r-devel-linux-x86_64-fedora-gcc | 0.1.6 | 101.72 | OK | |||
r-devel-windows-x86_64 | 0.1.6 | 9.00 | 69.00 | 78.00 | OK | |
r-patched-linux-x86_64 | 0.1.6 | 7.11 | 49.19 | 56.30 | NOTE | |
r-release-linux-x86_64 | 0.1.6 | 6.23 | 48.57 | 54.80 | NOTE | |
r-release-macos-arm64 | 0.1.6 | 34.00 | NOTE | |||
r-release-macos-x86_64 | 0.1.6 | 53.00 | NOTE | |||
r-release-windows-x86_64 | 0.1.6 | 8.00 | 67.00 | 75.00 | NOTE | |
r-oldrel-macos-arm64 | 0.1.6 | 38.00 | NOTE | |||
r-oldrel-macos-x86_64 | 0.1.6 | 53.00 | NOTE | |||
r-oldrel-windows-x86_64 | 0.1.6 | 11.00 | 78.00 | 89.00 | NOTE |
Version: 0.1.6
Check: LazyData
Result: NOTE
'LazyData' is specified without a 'data' directory
Flavors: r-patched-linux-x86_64, r-release-linux-x86_64, r-release-macos-arm64, r-release-macos-x86_64, r-release-windows-x86_64, r-oldrel-macos-arm64, r-oldrel-macos-x86_64, r-oldrel-windows-x86_64