CRAN Package Check Results for Package adnuts

Last updated on 2024-12-19 23:50:28 CET.

Flavor Version Tinstall Tcheck Ttotal Status Flags
r-devel-linux-x86_64-debian-clang 1.1.2 24.38 132.43 156.81 OK
r-devel-linux-x86_64-debian-gcc 1.1.2 19.84 99.26 119.10 OK
r-devel-linux-x86_64-fedora-clang 1.1.2 261.24 OK
r-devel-linux-x86_64-fedora-gcc 1.1.2 241.76 OK
r-devel-windows-x86_64 1.1.2 19.00 132.00 151.00 OK
r-patched-linux-x86_64 1.1.2 27.42 129.81 157.23 NOTE
r-release-linux-x86_64 1.1.2 24.72 129.04 153.76 NOTE
r-release-macos-arm64 1.1.2 61.00 NOTE
r-release-macos-x86_64 1.1.2 87.00 NOTE
r-release-windows-x86_64 1.1.2 19.00 131.00 150.00 NOTE
r-oldrel-macos-arm64 1.1.2 54.00 NOTE
r-oldrel-macos-x86_64 1.1.2 84.00 NOTE
r-oldrel-windows-x86_64 1.1.2 23.00 156.00 179.00 NOTE

Check Details

Version: 1.1.2
Check: LazyData
Result: NOTE 'LazyData' is specified without a 'data' directory Flavors: r-patched-linux-x86_64, r-release-linux-x86_64, r-release-macos-arm64, r-release-macos-x86_64, r-release-windows-x86_64, r-oldrel-macos-arm64, r-oldrel-macos-x86_64, r-oldrel-windows-x86_64