Last updated on 2024-12-19 23:50:28 CET.
Flavor | Version | Tinstall | Tcheck | Ttotal | Status | Flags |
---|---|---|---|---|---|---|
r-devel-linux-x86_64-debian-clang | 1.2.1 | 2.41 | 31.51 | 33.92 | OK | |
r-devel-linux-x86_64-debian-gcc | 1.2.1 | 2.08 | 24.68 | 26.76 | OK | |
r-devel-linux-x86_64-fedora-clang | 1.2.1 | 56.89 | OK | |||
r-devel-linux-x86_64-fedora-gcc | 1.2.1 | 66.10 | OK | |||
r-devel-windows-x86_64 | 1.2.1 | 5.00 | 70.00 | 75.00 | OK | |
r-patched-linux-x86_64 | 1.2.1 | 2.97 | 30.32 | 33.29 | NOTE | |
r-release-linux-x86_64 | 1.2.1 | 2.91 | 30.23 | 33.14 | NOTE | |
r-release-macos-arm64 | 1.2.1 | 27.00 | NOTE | |||
r-release-macos-x86_64 | 1.2.1 | 37.00 | NOTE | |||
r-release-windows-x86_64 | 1.2.1 | 5.00 | 67.00 | 72.00 | NOTE | |
r-oldrel-macos-arm64 | 1.2.1 | 27.00 | NOTE | |||
r-oldrel-macos-x86_64 | 1.2.1 | 49.00 | NOTE | |||
r-oldrel-windows-x86_64 | 1.2.1 | 4.00 | 72.00 | 76.00 | NOTE |
Version: 1.2.1
Check: LazyData
Result: NOTE
'LazyData' is specified without a 'data' directory
Flavors: r-patched-linux-x86_64, r-release-linux-x86_64, r-release-macos-arm64, r-release-macos-x86_64, r-release-windows-x86_64, r-oldrel-macos-arm64, r-oldrel-macos-x86_64, r-oldrel-windows-x86_64