CRAN Package Check Results for Package algo

Last updated on 2024-12-19 23:50:28 CET.

Flavor Version Tinstall Tcheck Ttotal Status Flags
r-devel-linux-x86_64-debian-clang 0.1.0 1.67 19.05 20.72 OK
r-devel-linux-x86_64-debian-gcc 0.1.0 1.42 15.48 16.90 OK
r-devel-linux-x86_64-fedora-clang 0.1.0 34.52 OK
r-devel-linux-x86_64-fedora-gcc 0.1.0 44.77 OK
r-devel-windows-x86_64 0.1.0 2.00 43.00 45.00 OK
r-patched-linux-x86_64 0.1.0 1.55 18.28 19.83 NOTE
r-release-linux-x86_64 0.1.0 1.56 18.40 19.96 NOTE
r-release-macos-arm64 0.1.0 20.00 NOTE
r-release-macos-x86_64 0.1.0 32.00 NOTE
r-release-windows-x86_64 0.1.0 3.00 42.00 45.00 NOTE
r-oldrel-macos-arm64 0.1.0 22.00 NOTE
r-oldrel-macos-x86_64 0.1.0 29.00 NOTE
r-oldrel-windows-x86_64 0.1.0 3.00 42.00 45.00 NOTE

Check Details

Version: 0.1.0
Check: LazyData
Result: NOTE 'LazyData' is specified without a 'data' directory Flavors: r-patched-linux-x86_64, r-release-linux-x86_64, r-release-macos-arm64, r-release-macos-x86_64, r-release-windows-x86_64, r-oldrel-macos-arm64, r-oldrel-macos-x86_64, r-oldrel-windows-x86_64