CRAN Package Check Results for Package alookr

Last updated on 2024-12-19 23:50:28 CET.

Flavor Version Tinstall Tcheck Ttotal Status Flags
r-devel-linux-x86_64-debian-clang 0.3.9 13.43 122.96 136.39 NOTE
r-devel-linux-x86_64-debian-gcc 0.3.9 9.93 91.44 101.37 NOTE
r-devel-linux-x86_64-fedora-clang 0.3.9 200.37 OK
r-devel-linux-x86_64-fedora-gcc 0.3.9 232.59 OK
r-devel-windows-x86_64 0.3.9 16.00 131.00 147.00 NOTE
r-patched-linux-x86_64 0.3.9 19.84 117.33 137.17 OK
r-release-linux-x86_64 0.3.9 12.60 115.26 127.86 OK
r-release-macos-arm64 0.3.9 73.00 OK
r-release-macos-x86_64 0.3.9 98.00 OK
r-release-windows-x86_64 0.3.9 15.00 131.00 146.00 OK
r-oldrel-macos-arm64 0.3.9 57.00 OK
r-oldrel-macos-x86_64 0.3.9 77.00 OK
r-oldrel-windows-x86_64 0.3.9 21.00 160.00 181.00 OK

Check Details

Version: 0.3.9
Check: Rd cross-references
Result: NOTE Found the following Rd file(s) with Rd \link{} targets missing package anchors: cleanse.data.frame.Rd: tbl_df split_by.data.frame.Rd: tbl_df treatment_corr.Rd: tbl_df Please provide package anchors for all Rd \link{} targets not in the package itself and the base packages. Flavors: r-devel-linux-x86_64-debian-clang, r-devel-linux-x86_64-debian-gcc, r-devel-windows-x86_64