Last updated on 2024-12-19 23:50:28 CET.
Flavor | Version | Tinstall | Tcheck | Ttotal | Status | Flags |
---|---|---|---|---|---|---|
r-devel-linux-x86_64-debian-clang | 0.1.5 | 138.37 | 156.42 | 294.79 | OK | |
r-devel-linux-x86_64-debian-gcc | 0.1.5 | 102.28 | 110.76 | 213.04 | OK | |
r-devel-linux-x86_64-fedora-clang | 0.1.5 | 561.97 | OK | |||
r-devel-linux-x86_64-fedora-gcc | 0.1.5 | 609.07 | OK | |||
r-devel-windows-x86_64 | 0.1.5 | 144.00 | 171.00 | 315.00 | OK | |
r-patched-linux-x86_64 | 0.1.5 | 142.43 | 145.36 | 287.79 | OK | |
r-release-linux-x86_64 | 0.1.5 | 143.01 | 148.96 | 291.97 | OK | |
r-release-macos-arm64 | 0.1.5 | 125.00 | NOTE | |||
r-release-macos-x86_64 | 0.1.5 | 207.00 | NOTE | |||
r-release-windows-x86_64 | 0.1.5 | 141.00 | 165.00 | 306.00 | OK | |
r-oldrel-macos-arm64 | 0.1.5 | 127.00 | NOTE | |||
r-oldrel-macos-x86_64 | 0.1.5 | 245.00 | NOTE | |||
r-oldrel-windows-x86_64 | 0.1.5 | 169.00 | 201.00 | 370.00 | OK |
Version: 0.1.5
Check: installed package size
Result: NOTE
installed size is 10.4Mb
sub-directories of 1Mb or more:
libs 8.9Mb
Flavors: r-release-macos-arm64, r-release-macos-x86_64, r-oldrel-macos-arm64, r-oldrel-macos-x86_64