CRAN Package Check Results for Package apcf

Last updated on 2024-12-19 23:50:28 CET.

Flavor Version Tinstall Tcheck Ttotal Status Flags
r-devel-linux-x86_64-debian-clang 0.3.1 25.45 36.88 62.33 OK
r-devel-linux-x86_64-debian-gcc 0.3.1 19.76 27.67 47.43 OK
r-devel-linux-x86_64-fedora-clang 0.3.1 119.43 OK
r-devel-linux-x86_64-fedora-gcc 0.3.1 132.45 OK
r-devel-windows-x86_64 0.3.1 39.00 103.00 142.00 OK
r-patched-linux-x86_64 0.3.1 24.53 35.61 60.14 OK
r-release-linux-x86_64 0.3.1 24.68 35.41 60.09 OK
r-release-macos-arm64 0.3.1 71.00 OK
r-release-macos-x86_64 0.3.1 156.00 NOTE
r-release-windows-x86_64 0.3.1 31.00 98.00 129.00 OK
r-oldrel-macos-arm64 0.3.1 59.00 OK
r-oldrel-macos-x86_64 0.3.1 115.00 NOTE
r-oldrel-windows-x86_64 0.3.1 30.00 115.00 145.00 OK

Check Details

Version: 0.3.1
Check: installed package size
Result: NOTE installed size is 5.1Mb sub-directories of 1Mb or more: libs 4.5Mb Flavors: r-release-macos-x86_64, r-oldrel-macos-x86_64