Last updated on 2024-12-19 23:50:28 CET.
Flavor | Version | Tinstall | Tcheck | Ttotal | Status | Flags |
---|---|---|---|---|---|---|
r-devel-linux-x86_64-debian-clang | 0.9 | 1.81 | 31.59 | 33.40 | OK | |
r-devel-linux-x86_64-debian-gcc | 0.9 | 1.55 | 25.64 | 27.19 | OK | |
r-devel-linux-x86_64-fedora-clang | 0.9 | 55.55 | OK | |||
r-devel-linux-x86_64-fedora-gcc | 0.9 | 64.97 | OK | |||
r-devel-windows-x86_64 | 0.9 | 3.00 | 69.00 | 72.00 | OK | |
r-patched-linux-x86_64 | 0.9 | 1.84 | 30.45 | 32.29 | OK | |
r-release-linux-x86_64 | 0.9 | 1.62 | 30.40 | 32.02 | OK | |
r-release-macos-arm64 | 0.9 | 26.00 | OK | |||
r-release-macos-x86_64 | 0.9 | 40.00 | WARN | |||
r-release-windows-x86_64 | 0.9 | 5.00 | 68.00 | 73.00 | OK | |
r-oldrel-macos-arm64 | 0.9 | 28.00 | OK | |||
r-oldrel-macos-x86_64 | 0.9 | 40.00 | OK | |||
r-oldrel-windows-x86_64 | 0.9 | 4.00 | 70.00 | 74.00 | OK |
Version: 0.9
Check: re-building of vignette outputs
Result: WARN
Error(s) in re-building vignettes:
...
--- re-building ‘aplore3-examples.Rnw’ using knitr
Error: processing vignette 'aplore3-examples.Rnw' failed with diagnostics:
Running 'texi2dvi' on 'aplore3-examples.tex' failed.
LaTeX errors:
! Undefined control sequence.
l.79 \hlkwd{example}\hldef
{(aps)}
?
! Emergency stop.
! Emergency stop.
l.79
End of file on the terminal!
! ==> Fatal error occurred, no output PDF file produced!
--- failed re-building ‘aplore3-examples.Rnw’
SUMMARY: processing the following file failed:
‘aplore3-examples.Rnw’
Error: Vignette re-building failed.
Execution halted
Flavor: r-release-macos-x86_64