Last updated on 2024-12-19 23:50:28 CET.
Flavor | Version | Tinstall | Tcheck | Ttotal | Status | Flags |
---|---|---|---|---|---|---|
r-devel-linux-x86_64-debian-clang | 1.0.0 | 3.94 | 24.48 | 28.42 | NOTE | |
r-devel-linux-x86_64-debian-gcc | 1.0.0 | 3.30 | 18.78 | 22.08 | NOTE | |
r-devel-linux-x86_64-fedora-clang | 1.0.0 | 45.69 | NOTE | |||
r-devel-linux-x86_64-fedora-gcc | 1.0.0 | 43.32 | NOTE | |||
r-devel-windows-x86_64 | 1.0.0 | 6.00 | 55.00 | 61.00 | NOTE | |
r-patched-linux-x86_64 | 1.0.0 | 4.48 | 23.65 | 28.13 | NOTE | |
r-release-linux-x86_64 | 1.0.0 | 3.76 | 23.53 | 27.29 | NOTE | |
r-release-macos-arm64 | 1.0.0 | 18.00 | NOTE | |||
r-release-macos-x86_64 | 1.0.0 | 28.00 | NOTE | |||
r-release-windows-x86_64 | 1.0.0 | 7.00 | 60.00 | 67.00 | NOTE | |
r-oldrel-macos-arm64 | 1.0.0 | 22.00 | NOTE | |||
r-oldrel-macos-x86_64 | 1.0.0 | 29.00 | NOTE | |||
r-oldrel-windows-x86_64 | 1.0.0 | 7.00 | 53.00 | 60.00 | NOTE |
Version: 1.0.0
Check: Rd files
Result: NOTE
checkRd: (-1) breast_cancer_clean_features.Rd:45: Escaped LaTeX specials: \&
Flavors: r-devel-linux-x86_64-debian-clang, r-devel-linux-x86_64-debian-gcc, r-devel-linux-x86_64-fedora-clang, r-devel-linux-x86_64-fedora-gcc, r-devel-windows-x86_64, r-patched-linux-x86_64, r-release-linux-x86_64, r-release-macos-arm64, r-release-macos-x86_64, r-release-windows-x86_64, r-oldrel-macos-arm64, r-oldrel-macos-x86_64, r-oldrel-windows-x86_64