Last updated on 2024-12-19 23:50:28 CET.
Flavor | Version | Tinstall | Tcheck | Ttotal | Status | Flags |
---|---|---|---|---|---|---|
r-devel-linux-x86_64-debian-clang | 1.0.0 | 6.47 | 318.89 | 325.36 | OK | |
r-devel-linux-x86_64-debian-gcc | 1.0.0 | 0.46 | 1.75 | 2.21 | ERROR | |
r-devel-linux-x86_64-fedora-clang | 1.0.0 | 532.82 | OK | |||
r-devel-linux-x86_64-fedora-gcc | 1.0.0 | 518.64 | OK | |||
r-devel-windows-x86_64 | 1.0.0 | 9.00 | 436.00 | 445.00 | OK | |
r-patched-linux-x86_64 | 1.0.0 | 6.67 | 305.73 | 312.40 | OK | |
r-release-linux-x86_64 | 1.0.0 | 0.55 | 1.81 | 2.36 | ERROR | |
r-release-macos-arm64 | 1.0.0 | 231.00 | OK | |||
r-release-macos-x86_64 | 1.0.0 | 375.00 | OK | |||
r-release-windows-x86_64 | 1.0.0 | 9.00 | 441.00 | 450.00 | OK | |
r-oldrel-macos-arm64 | 1.0.0 | 246.00 | OK | |||
r-oldrel-macos-x86_64 | 1.0.0 | 475.00 | OK | |||
r-oldrel-windows-x86_64 | 1.0.0 | 11.00 | 537.00 | 548.00 | OK |
Version: 1.0.0
Check: package dependencies
Result: ERROR
Package required but not available: ‘TDA’
See section ‘The DESCRIPTION file’ in the ‘Writing R Extensions’
manual.
Flavors: r-devel-linux-x86_64-debian-gcc, r-release-linux-x86_64