CRAN Package Check Results for Package auk

Last updated on 2024-12-19 23:50:28 CET.

Flavor Version Tinstall Tcheck Ttotal Status Flags
r-devel-linux-x86_64-debian-clang 0.7.0 5.97 77.70 83.67 NOTE
r-devel-linux-x86_64-debian-gcc 0.7.0 4.53 64.24 68.77 NOTE
r-devel-linux-x86_64-fedora-clang 0.7.0 132.92 OK
r-devel-linux-x86_64-fedora-gcc 0.7.0 140.54 OK
r-devel-windows-x86_64 0.7.0 9.00 115.00 124.00 NOTE
r-patched-linux-x86_64 0.7.0 12.10 73.05 85.15 OK
r-release-linux-x86_64 0.7.0 6.05 73.33 79.38 OK
r-release-macos-arm64 0.7.0 47.00 OK
r-release-macos-x86_64 0.7.0 76.00 OK
r-release-windows-x86_64 0.7.0 10.00 111.00 121.00 OK
r-oldrel-macos-arm64 0.7.0 49.00 OK
r-oldrel-macos-x86_64 0.7.0 119.00 OK
r-oldrel-windows-x86_64 0.7.0 10.00 126.00 136.00 OK

Check Details

Version: 0.7.0
Check: Rd cross-references
Result: NOTE Found the following Rd file(s) with Rd \link{} targets missing package anchors: auk_country.Rd: countrycode Please provide package anchors for all Rd \link{} targets not in the package itself and the base packages. Flavors: r-devel-linux-x86_64-debian-clang, r-devel-linux-x86_64-debian-gcc, r-devel-windows-x86_64