CRAN Package Check Results for Package autoFRK

Last updated on 2024-12-19 23:50:28 CET.

Flavor Version Tinstall Tcheck Ttotal Status Flags
r-devel-linux-x86_64-debian-clang 1.4.3 58.16 97.32 155.48 NOTE
r-devel-linux-x86_64-debian-gcc 1.4.3 50.71 73.40 124.11 NOTE
r-devel-linux-x86_64-fedora-clang 1.4.3 257.39 NOTE
r-devel-linux-x86_64-fedora-gcc 1.4.3 278.42 NOTE
r-devel-windows-x86_64 1.4.3 58.00 129.00 187.00 NOTE
r-patched-linux-x86_64 1.4.3 67.73 95.93 163.66 NOTE
r-release-linux-x86_64 1.4.3 68.53 96.47 165.00 NOTE
r-release-macos-arm64 1.4.3 62.00 NOTE
r-release-macos-x86_64 1.4.3 106.00 NOTE
r-release-windows-x86_64 1.4.3 62.00 139.00 201.00 NOTE
r-oldrel-macos-arm64 1.4.3 75.00 NOTE
r-oldrel-macos-x86_64 1.4.3 124.00 NOTE
r-oldrel-windows-x86_64 1.4.3 70.00 154.00 224.00 NOTE

Check Details

Version: 1.4.3
Check: C++ specification
Result: NOTE Specified C++11: please drop specification unless essential Flavors: r-devel-linux-x86_64-debian-clang, r-devel-linux-x86_64-debian-gcc, r-devel-linux-x86_64-fedora-clang, r-devel-linux-x86_64-fedora-gcc, r-devel-windows-x86_64, r-patched-linux-x86_64, r-release-linux-x86_64, r-release-macos-arm64, r-release-macos-x86_64, r-release-windows-x86_64, r-oldrel-macos-arm64, r-oldrel-macos-x86_64, r-oldrel-windows-x86_64

Version: 1.4.3
Check: installed package size
Result: NOTE installed size is 26.6Mb sub-directories of 1Mb or more: libs 26.4Mb Flavors: r-release-macos-arm64, r-release-macos-x86_64, r-oldrel-macos-arm64, r-oldrel-macos-x86_64