Last updated on 2024-12-19 23:50:28 CET.
Flavor | Version | Tinstall | Tcheck | Ttotal | Status | Flags |
---|---|---|---|---|---|---|
r-devel-linux-x86_64-debian-clang | 0.9.3 | 5.24 | 53.63 | 58.87 | OK | |
r-devel-linux-x86_64-debian-gcc | 0.9.3 | 4.07 | 41.95 | 46.02 | OK | |
r-devel-linux-x86_64-fedora-clang | 0.9.3 | 99.75 | OK | |||
r-devel-linux-x86_64-fedora-gcc | 0.9.3 | 97.24 | OK | |||
r-devel-windows-x86_64 | 0.9.3 | 18.00 | 185.00 | 203.00 | OK | |
r-patched-linux-x86_64 | 0.9.3 | 5.06 | 52.48 | 57.54 | OK | |
r-release-linux-x86_64 | 0.9.3 | 4.60 | 52.00 | 56.60 | OK | |
r-release-macos-arm64 | 0.9.3 | 51.00 | NOTE | |||
r-release-macos-x86_64 | 0.9.3 | 77.00 | NOTE | |||
r-release-windows-x86_64 | 0.9.3 | 20.00 | 185.00 | 205.00 | NOTE | |
r-oldrel-macos-arm64 | 0.9.3 | 55.00 | NOTE | |||
r-oldrel-macos-x86_64 | 0.9.3 | 82.00 | NOTE | |||
r-oldrel-windows-x86_64 | 0.9.3 | 24.00 | 246.00 | 270.00 | NOTE |
Version: 0.9.3
Check: installed package size
Result: NOTE
installed size is 23.7Mb
sub-directories of 1Mb or more:
libs 22.9Mb
Flavors: r-release-macos-arm64, r-release-macos-x86_64, r-release-windows-x86_64, r-oldrel-macos-arm64, r-oldrel-macos-x86_64, r-oldrel-windows-x86_64