CRAN Package Check Results for Package aws.alexa

Last updated on 2024-12-19 23:50:28 CET.

Flavor Version Tinstall Tcheck Ttotal Status Flags
r-devel-linux-x86_64-debian-clang 0.1.8 4.31 38.24 42.55 OK
r-devel-linux-x86_64-debian-gcc 0.1.8 2.85 29.45 32.30 OK
r-devel-linux-x86_64-fedora-clang 0.1.8 70.79 OK
r-devel-linux-x86_64-fedora-gcc 0.1.8 78.11 OK
r-devel-windows-x86_64 0.1.8 9.00 78.00 87.00 OK
r-patched-linux-x86_64 0.1.8 3.45 36.95 40.40 NOTE
r-release-linux-x86_64 0.1.8 3.83 37.22 41.05 NOTE
r-release-macos-arm64 0.1.8 31.00 NOTE
r-release-macos-x86_64 0.1.8 46.00 NOTE
r-release-windows-x86_64 0.1.8 8.00 78.00 86.00 NOTE
r-oldrel-macos-arm64 0.1.8 30.00 NOTE
r-oldrel-macos-x86_64 0.1.8 48.00 NOTE
r-oldrel-windows-x86_64 0.1.8 10.00 83.00 93.00 NOTE

Check Details

Version: 0.1.8
Check: LazyData
Result: NOTE 'LazyData' is specified without a 'data' directory Flavors: r-patched-linux-x86_64, r-release-linux-x86_64, r-release-macos-arm64, r-release-macos-x86_64, r-release-windows-x86_64, r-oldrel-macos-arm64, r-oldrel-macos-x86_64, r-oldrel-windows-x86_64