Last updated on 2024-12-19 23:50:28 CET.
Flavor | Version | Tinstall | Tcheck | Ttotal | Status | Flags |
---|---|---|---|---|---|---|
r-devel-linux-x86_64-debian-clang | 1.0.5 | 15.58 | 144.97 | 160.55 | NOTE | |
r-devel-linux-x86_64-debian-gcc | 1.0.5 | 10.79 | 97.98 | 108.77 | NOTE | |
r-devel-linux-x86_64-fedora-clang | 1.0.5 | 249.97 | NOTE | |||
r-devel-linux-x86_64-fedora-gcc | 1.0.5 | 254.09 | NOTE | |||
r-devel-windows-x86_64 | 1.0.5 | 27.00 | 284.00 | 311.00 | NOTE | |
r-patched-linux-x86_64 | 1.0.5 | 26.38 | 136.18 | 162.56 | NOTE | |
r-release-linux-x86_64 | 1.0.5 | 14.32 | 135.38 | 149.70 | NOTE | |
r-release-macos-arm64 | 1.0.5 | 95.00 | NOTE | |||
r-release-macos-x86_64 | 1.0.5 | 121.00 | NOTE | |||
r-release-windows-x86_64 | 1.0.5 | 28.00 | 271.00 | 299.00 | NOTE | |
r-oldrel-macos-arm64 | 1.0.5 | 73.00 | NOTE | |||
r-oldrel-macos-x86_64 | 1.0.5 | 95.00 | NOTE | |||
r-oldrel-windows-x86_64 | 1.0.5 | 29.00 | 309.00 | 338.00 | NOTE |
Version: 1.0.5
Check: Rd files
Result: NOTE
checkRd: (-1) ec2_create_security_group.Rd:66: Escaped LaTeX specials: \#
checkRd: (-1) ec2_create_security_group.Rd:66: Escaped LaTeX specials: \$
checkRd: (-1) ec2_create_security_group.Rd:79: Escaped LaTeX specials: \#
checkRd: (-1) ec2_create_security_group.Rd:79: Escaped LaTeX specials: \$
Flavors: r-devel-linux-x86_64-debian-clang, r-devel-linux-x86_64-debian-gcc, r-devel-linux-x86_64-fedora-clang, r-devel-linux-x86_64-fedora-gcc, r-devel-windows-x86_64, r-patched-linux-x86_64, r-release-linux-x86_64, r-release-macos-arm64, r-release-macos-x86_64, r-release-windows-x86_64, r-oldrel-macos-arm64, r-oldrel-macos-x86_64, r-oldrel-windows-x86_64