Last updated on 2024-12-19 23:50:28 CET.
Flavor | Version | Tinstall | Tcheck | Ttotal | Status | Flags |
---|---|---|---|---|---|---|
r-devel-linux-x86_64-debian-clang | 0.1.5 | 54.55 | 332.47 | 387.02 | OK | |
r-devel-linux-x86_64-debian-gcc | 0.1.5 | 39.81 | 223.36 | 263.17 | OK | |
r-devel-linux-x86_64-fedora-clang | 0.1.5 | 662.53 | OK | |||
r-devel-linux-x86_64-fedora-gcc | 0.1.5 | 465.24 | OK | |||
r-devel-windows-x86_64 | 0.1.5 | 73.00 | 438.00 | 511.00 | OK | |
r-patched-linux-x86_64 | 0.1.5 | 54.32 | 324.42 | 378.74 | NOTE | |
r-release-linux-x86_64 | 0.1.5 | 56.05 | 320.72 | 376.77 | NOTE | |
r-release-macos-arm64 | 0.1.5 | 144.00 | NOTE | |||
r-release-macos-x86_64 | 0.1.5 | 212.00 | NOTE | |||
r-release-windows-x86_64 | 0.1.5 | 70.00 | 427.00 | 497.00 | NOTE | |
r-oldrel-macos-arm64 | 0.1.5 | 180.00 | NOTE | |||
r-oldrel-macos-x86_64 | 0.1.5 | 227.00 | NOTE | |||
r-oldrel-windows-x86_64 | 0.1.5 | 87.00 | 539.00 | 626.00 | NOTE |
Version: 0.1.5
Check: package dependencies
Result: NOTE
Package suggested but not available for checking: ‘lixoftConnectors’
Flavors: r-patched-linux-x86_64, r-release-linux-x86_64, r-release-macos-arm64, r-release-macos-x86_64, r-release-windows-x86_64, r-oldrel-macos-arm64, r-oldrel-macos-x86_64, r-oldrel-windows-x86_64