Last updated on 2024-12-19 23:50:28 CET.
Flavor | Version | Tinstall | Tcheck | Ttotal | Status | Flags |
---|---|---|---|---|---|---|
r-devel-linux-x86_64-debian-clang | 1.0.1 | 633.19 | 457.44 | 1090.63 | OK | |
r-devel-linux-x86_64-debian-gcc | 1.0.1 | 530.89 | 385.03 | 915.92 | OK | |
r-devel-linux-x86_64-fedora-clang | 1.0.1 | 1712.37 | NOTE | |||
r-devel-linux-x86_64-fedora-gcc | 1.0.1 | 2207.25 | NOTE | |||
r-devel-windows-x86_64 | 1.0.1 | 547.00 | 529.00 | 1076.00 | OK | |
r-patched-linux-x86_64 | 1.0.1 | 728.26 | 519.46 | 1247.72 | OK | |
r-release-linux-x86_64 | 1.0.1 | 694.68 | 519.21 | 1213.89 | OK | |
r-release-macos-arm64 | 1.0.1 | 433.00 | NOTE | |||
r-release-macos-x86_64 | 1.0.1 | 548.00 | NOTE | |||
r-release-windows-x86_64 | 1.0.1 | 558.00 | 517.00 | 1075.00 | NOTE | |
r-oldrel-macos-arm64 | 1.0.1 | 409.00 | NOTE | |||
r-oldrel-macos-x86_64 | 1.0.1 | 601.00 | NOTE | |||
r-oldrel-windows-x86_64 | 1.0.1 | 750.00 | 637.00 | 1387.00 | NOTE |
Version: 1.0.1
Check: dependencies in R code
Result: NOTE
Namespaces in Imports field not imported from:
‘RcppParallel’ ‘rstantools’
All declared Imports should be used.
Flavors: r-devel-linux-x86_64-fedora-clang, r-devel-linux-x86_64-fedora-gcc
Version: 1.0.1
Check: installed package size
Result: NOTE
installed size is 103.0Mb
sub-directories of 1Mb or more:
libs 101.2Mb
Flavors: r-release-macos-arm64, r-release-macos-x86_64, r-release-windows-x86_64, r-oldrel-macos-arm64, r-oldrel-macos-x86_64, r-oldrel-windows-x86_64
Version: 1.0.1
Check: for GNU extensions in Makefiles
Result: NOTE
GNU make is a SystemRequirements.
Flavors: r-release-macos-arm64, r-release-macos-x86_64, r-oldrel-macos-arm64, r-oldrel-macos-x86_64