Last updated on 2024-12-19 23:50:28 CET.
Flavor | Version | Tinstall | Tcheck | Ttotal | Status | Flags |
---|---|---|---|---|---|---|
r-devel-linux-x86_64-debian-clang | 1.2-5 | 74.14 | 347.85 | 421.99 | OK | |
r-devel-linux-x86_64-debian-gcc | 1.2-5 | 46.17 | 210.95 | 257.12 | OK | |
r-devel-linux-x86_64-fedora-clang | 1.2-5 | 697.69 | OK | |||
r-devel-linux-x86_64-fedora-gcc | 1.2-5 | 673.21 | OK | |||
r-devel-windows-x86_64 | 1.2-5 | 76.00 | 304.00 | 380.00 | OK | |
r-patched-linux-x86_64 | 1.2-5 | 67.08 | 325.71 | 392.79 | OK | |
r-release-linux-x86_64 | 1.2-5 | 69.14 | 332.52 | 401.66 | OK | |
r-release-macos-arm64 | 1.2-5 | 127.00 | NOTE | |||
r-release-macos-x86_64 | 1.2-5 | 338.00 | NOTE | |||
r-release-windows-x86_64 | 1.2-5 | 80.00 | 295.00 | 375.00 | OK | |
r-oldrel-macos-arm64 | 1.2-5 | 145.00 | NOTE | |||
r-oldrel-macos-x86_64 | 1.2-5 | 348.00 | NOTE | |||
r-oldrel-windows-x86_64 | 1.2-5 | 96.00 | 397.00 | 493.00 | OK |
Version: 1.2-5
Check: installed package size
Result: NOTE
installed size is 5.2Mb
sub-directories of 1Mb or more:
R 3.0Mb
Flavors: r-release-macos-arm64, r-release-macos-x86_64, r-oldrel-macos-arm64, r-oldrel-macos-x86_64