Last updated on 2024-12-19 23:50:28 CET.
Flavor | Version | Tinstall | Tcheck | Ttotal | Status | Flags |
---|---|---|---|---|---|---|
r-devel-linux-x86_64-debian-clang | 0.5.0 | 59.56 | 414.09 | 473.65 | OK | |
r-devel-linux-x86_64-debian-gcc | 0.5.0 | 38.09 | 262.23 | 300.32 | OK | |
r-devel-linux-x86_64-fedora-clang | 0.5.0 | 793.62 | NOTE | |||
r-devel-linux-x86_64-fedora-gcc | 0.5.0 | 772.50 | NOTE | |||
r-devel-windows-x86_64 | 0.5.0 | 58.00 | 441.00 | 499.00 | OK | |
r-patched-linux-x86_64 | 0.5.0 | 61.08 | 392.43 | 453.51 | OK | |
r-release-linux-x86_64 | 0.5.0 | 54.84 | 393.27 | 448.11 | OK | |
r-release-macos-arm64 | 0.5.0 | 244.00 | OK | |||
r-release-macos-x86_64 | 0.5.0 | 711.00 | OK | |||
r-release-windows-x86_64 | 0.5.0 | 58.00 | 435.00 | 493.00 | OK | |
r-oldrel-macos-arm64 | 0.5.0 | 284.00 | OK | |||
r-oldrel-macos-x86_64 | 0.5.0 | 520.00 | OK | |||
r-oldrel-windows-x86_64 | 0.5.0 | 81.00 | 590.00 | 671.00 | OK |
Version: 0.5.0
Check: dependencies in R code
Result: NOTE
Namespaces in Imports field not imported from:
‘crosstalk’ ‘plotly’
All declared Imports should be used.
Flavors: r-devel-linux-x86_64-fedora-clang, r-devel-linux-x86_64-fedora-gcc