CRAN Package Check Results for Package bayesPO

Last updated on 2024-12-19 23:50:29 CET.

Flavor Version Tinstall Tcheck Ttotal Status Flags
r-devel-linux-x86_64-debian-clang 0.5.0 60.16 50.20 110.36 OK
r-devel-linux-x86_64-debian-gcc 0.5.0 43.87 41.29 85.16 OK
r-devel-linux-x86_64-fedora-clang 0.5.0 203.69 OK
r-devel-linux-x86_64-fedora-gcc 0.5.0 223.96 OK
r-devel-windows-x86_64 0.5.0 61.00 105.00 166.00 OK
r-patched-linux-x86_64 0.5.0 60.71 53.67 114.38 OK
r-release-linux-x86_64 0.5.0 61.73 53.35 115.08 OK
r-release-macos-arm64 0.5.0 57.00 NOTE
r-release-macos-x86_64 0.5.0 76.00 NOTE
r-release-windows-x86_64 0.5.0 65.00 104.00 169.00 OK
r-oldrel-macos-arm64 0.5.0 74.00 NOTE
r-oldrel-macos-x86_64 0.5.0 163.00 NOTE
r-oldrel-windows-x86_64 0.5.0 74.00 115.00 189.00 OK

Check Details

Version: 0.5.0
Check: installed package size
Result: NOTE installed size is 12.2Mb sub-directories of 1Mb or more: libs 11.6Mb Flavors: r-release-macos-arm64, r-release-macos-x86_64, r-oldrel-macos-arm64, r-oldrel-macos-x86_64