Last updated on 2024-12-19 23:50:29 CET.
Flavor | Version | Tinstall | Tcheck | Ttotal | Status | Flags |
---|---|---|---|---|---|---|
r-devel-linux-x86_64-debian-clang | 7.4-4 | 18.70 | 103.10 | 121.80 | OK | |
r-devel-linux-x86_64-debian-gcc | 7.4-4 | 11.96 | 66.85 | 78.81 | OK | |
r-devel-linux-x86_64-fedora-clang | 7.4-4 | 196.45 | OK | |||
r-devel-linux-x86_64-fedora-gcc | 7.4-4 | 179.38 | OK | |||
r-devel-windows-x86_64 | 7.4-4 | 22.00 | 114.00 | 136.00 | OK | |
r-patched-linux-x86_64 | 7.4-4 | 17.99 | 95.36 | 113.35 | OK | |
r-release-linux-x86_64 | 7.4-4 | 16.87 | 96.69 | 113.56 | OK | |
r-release-macos-arm64 | 7.4-4 | 51.00 | NOTE | |||
r-release-macos-x86_64 | 7.4-4 | 129.00 | NOTE | |||
r-release-windows-x86_64 | 7.4-4 | 24.00 | 114.00 | 138.00 | OK | |
r-oldrel-macos-arm64 | 7.4-4 | 51.00 | NOTE | |||
r-oldrel-macos-x86_64 | 7.4-4 | 112.00 | NOTE | |||
r-oldrel-windows-x86_64 | 7.4-4 | 28.00 | 142.00 | 170.00 | OK |
Version: 7.4-4
Check: installed package size
Result: NOTE
installed size is 5.8Mb
sub-directories of 1Mb or more:
ex-data 4.6Mb
Flavors: r-release-macos-arm64, r-release-macos-x86_64, r-oldrel-macos-arm64, r-oldrel-macos-x86_64