CRAN Package Check Results for Package baygel

Last updated on 2024-12-19 23:50:29 CET.

Flavor Version Tinstall Tcheck Ttotal Status Flags
r-devel-linux-x86_64-debian-clang 0.3.0 108.92 24.79 133.71 OK
r-devel-linux-x86_64-debian-gcc 0.3.0 77.36 18.67 96.03 OK
r-devel-linux-x86_64-fedora-clang 0.3.0 259.16 OK
r-devel-linux-x86_64-fedora-gcc 0.3.0 278.58 OK
r-devel-windows-x86_64 0.3.0 105.00 63.00 168.00 OK
r-patched-linux-x86_64 0.3.0 108.01 23.08 131.09 OK
r-release-linux-x86_64 0.3.0 109.27 23.27 132.54 OK
r-release-macos-arm64 0.3.0 55.00 NOTE
r-release-macos-x86_64 0.3.0 77.00 NOTE
r-release-windows-x86_64 0.3.0 105.00 70.00 175.00 OK
r-oldrel-macos-arm64 0.3.0 61.00 NOTE
r-oldrel-macos-x86_64 0.3.0 82.00 NOTE
r-oldrel-windows-x86_64 0.3.0 126.00 76.00 202.00 OK

Check Details

Version: 0.3.0
Check: installed package size
Result: NOTE installed size is 5.4Mb sub-directories of 1Mb or more: libs 5.3Mb Flavors: r-release-macos-arm64, r-release-macos-x86_64, r-oldrel-macos-arm64, r-oldrel-macos-x86_64