Last updated on 2024-12-19 23:50:29 CET.
Flavor | Version | Tinstall | Tcheck | Ttotal | Status | Flags |
---|---|---|---|---|---|---|
r-devel-linux-x86_64-debian-clang | 0.1.15 | 4.80 | 40.00 | 44.80 | OK | |
r-devel-linux-x86_64-debian-gcc | 0.1.15 | 3.75 | 31.14 | 34.89 | OK | |
r-devel-linux-x86_64-fedora-clang | 0.1.15 | 74.36 | OK | |||
r-devel-linux-x86_64-fedora-gcc | 0.1.15 | 68.39 | OK | |||
r-devel-windows-x86_64 | 0.1.15 | 8.00 | 59.00 | 67.00 | OK | |
r-patched-linux-x86_64 | 0.1.15 | 4.99 | 39.12 | 44.11 | NOTE | |
r-release-linux-x86_64 | 0.1.15 | 4.99 | 40.24 | 45.23 | NOTE | |
r-release-macos-arm64 | 0.1.15 | 25.00 | NOTE | |||
r-release-macos-x86_64 | 0.1.15 | 37.00 | NOTE | |||
r-release-windows-x86_64 | 0.1.15 | 6.00 | 79.00 | 85.00 | NOTE | |
r-oldrel-macos-arm64 | 0.1.15 | 25.00 | NOTE | |||
r-oldrel-macos-x86_64 | 0.1.15 | 40.00 | NOTE | |||
r-oldrel-windows-x86_64 | 0.1.15 | 8.00 | 70.00 | 78.00 | NOTE |
Version: 0.1.15
Check: LazyData
Result: NOTE
'LazyData' is specified without a 'data' directory
Flavors: r-patched-linux-x86_64, r-release-linux-x86_64, r-release-macos-arm64, r-release-macos-x86_64, r-release-windows-x86_64, r-oldrel-macos-arm64, r-oldrel-macos-x86_64, r-oldrel-windows-x86_64