CRAN Package Check Results for Package bdc

Last updated on 2024-12-19 23:50:29 CET.

Flavor Version Tinstall Tcheck Ttotal Status Flags
r-devel-linux-x86_64-debian-clang 1.1.4 28.73 317.95 346.68 OK
r-devel-linux-x86_64-debian-gcc 1.1.5 19.45 161.48 180.93 OK
r-devel-linux-x86_64-fedora-clang 1.1.5 494.59 OK
r-devel-linux-x86_64-fedora-gcc 1.1.5 453.94 OK
r-devel-windows-x86_64 1.1.5 30.00 209.00 239.00 OK
r-patched-linux-x86_64 1.1.4 30.84 297.29 328.13 OK
r-release-linux-x86_64 1.1.5 32.61 239.70 272.31 OK
r-release-macos-arm64 1.1.5 97.00 OK
r-release-macos-x86_64 1.1.5 195.00 OK
r-release-windows-x86_64 1.1.4 30.00 252.00 282.00 NOTE
r-oldrel-macos-arm64 1.1.5 105.00 OK
r-oldrel-macos-x86_64 1.1.5 220.00 OK
r-oldrel-windows-x86_64 1.1.4 44.00 351.00 395.00 NOTE

Check Details

Version: 1.1.4
Check: installed package size
Result: NOTE installed size is 5.2Mb sub-directories of 1Mb or more: doc 3.6Mb extdata 1.2Mb Flavors: r-release-windows-x86_64, r-oldrel-windows-x86_64