Last updated on 2024-12-19 23:50:29 CET.
Flavor | Version | Tinstall | Tcheck | Ttotal | Status | Flags |
---|---|---|---|---|---|---|
r-devel-linux-x86_64-debian-clang | 1.0.4 | 1.76 | 22.35 | 24.11 | NOTE | |
r-devel-linux-x86_64-debian-gcc | 1.0.4 | 1.73 | 18.18 | 19.91 | NOTE | |
r-devel-linux-x86_64-fedora-clang | 1.0.4 | 39.94 | NOTE | |||
r-devel-linux-x86_64-fedora-gcc | 1.0.4 | 37.73 | NOTE | |||
r-devel-windows-x86_64 | 1.0.4 | 3.00 | 47.00 | 50.00 | OK | |
r-patched-linux-x86_64 | 1.0.4 | 2.39 | 22.08 | 24.47 | NOTE | |
r-release-linux-x86_64 | 1.0.4 | 2.06 | 22.13 | 24.19 | NOTE | |
r-release-macos-arm64 | 1.0.4 | 17.00 | NOTE | |||
r-release-macos-x86_64 | 1.0.4 | 36.00 | NOTE | |||
r-release-windows-x86_64 | 1.0.4 | 3.00 | 55.00 | 58.00 | NOTE | |
r-oldrel-macos-arm64 | 1.0.4 | 18.00 | NOTE | |||
r-oldrel-macos-x86_64 | 1.0.4 | 23.00 | NOTE | |||
r-oldrel-windows-x86_64 | 1.0.4 | 4.00 | 49.00 | 53.00 | NOTE |
Version: 1.0.4
Check: for non-standard things in the check directory
Result: NOTE
Found the following files/directories:
‘dump.txt’
Flavors: r-devel-linux-x86_64-debian-clang, r-devel-linux-x86_64-debian-gcc, r-devel-linux-x86_64-fedora-clang, r-devel-linux-x86_64-fedora-gcc, r-patched-linux-x86_64, r-release-linux-x86_64
Version: 1.0.4
Check: LazyData
Result: NOTE
'LazyData' is specified without a 'data' directory
Flavors: r-patched-linux-x86_64, r-release-linux-x86_64, r-release-macos-arm64, r-release-macos-x86_64, r-release-windows-x86_64, r-oldrel-macos-arm64, r-oldrel-macos-x86_64, r-oldrel-windows-x86_64