Last updated on 2024-12-19 23:50:29 CET.
Flavor | Version | Tinstall | Tcheck | Ttotal | Status | Flags |
---|---|---|---|---|---|---|
r-devel-linux-x86_64-debian-clang | 0.2.3 | 6.92 | 130.86 | 137.78 | OK | |
r-devel-linux-x86_64-debian-gcc | 0.2.3 | 6.04 | 87.35 | 93.39 | OK | |
r-devel-linux-x86_64-fedora-clang | 0.2.3 | 229.07 | NOTE | |||
r-devel-linux-x86_64-fedora-gcc | 0.2.3 | 227.60 | NOTE | |||
r-devel-windows-x86_64 | 0.2.3 | 11.00 | 136.00 | 147.00 | OK | |
r-patched-linux-x86_64 | 0.2.3 | 8.38 | 122.53 | 130.91 | OK | |
r-release-linux-x86_64 | 0.2.3 | 7.08 | 122.04 | 129.12 | OK | |
r-release-macos-arm64 | 0.2.3 | 61.00 | OK | |||
r-release-macos-x86_64 | 0.2.3 | 116.00 | OK | |||
r-release-windows-x86_64 | 0.2.3 | 13.00 | 134.00 | 147.00 | OK | |
r-oldrel-macos-arm64 | 0.2.3 | 68.00 | OK | |||
r-oldrel-macos-x86_64 | 0.2.3 | 115.00 | OK | |||
r-oldrel-windows-x86_64 | 0.2.3 | 12.00 | 168.00 | 180.00 | OK |
Version: 0.2.3
Check: dependencies in R code
Result: NOTE
Namespace in Imports field not imported from: ‘nycflights13’
All declared Imports should be used.
Flavors: r-devel-linux-x86_64-fedora-clang, r-devel-linux-x86_64-fedora-gcc