Last updated on 2024-12-19 23:50:29 CET.
Flavor | Version | Tinstall | Tcheck | Ttotal | Status | Flags |
---|---|---|---|---|---|---|
r-devel-linux-x86_64-debian-clang | 1.6.0 | 87.14 | 93.50 | 180.64 | NOTE | |
r-devel-linux-x86_64-debian-gcc | 1.6.0 | 62.02 | 72.93 | 134.95 | NOTE | |
r-devel-linux-x86_64-fedora-clang | 1.6.0 | 324.59 | OK | |||
r-devel-linux-x86_64-fedora-gcc | 1.6.0 | 355.13 | OK | |||
r-devel-windows-x86_64 | 1.6.0 | 100.00 | 165.00 | 265.00 | NOTE | |
r-patched-linux-x86_64 | 1.6.0 | 94.14 | 91.06 | 185.20 | OK | |
r-release-linux-x86_64 | 1.6.0 | 95.79 | 90.41 | 186.20 | OK | |
r-release-macos-arm64 | 1.6.0 | 111.00 | NOTE | |||
r-release-macos-x86_64 | 1.6.0 | 119.00 | NOTE | |||
r-release-windows-x86_64 | 1.6.0 | 98.00 | 158.00 | 256.00 | OK | |
r-oldrel-macos-arm64 | 1.6.0 | 99.00 | NOTE | |||
r-oldrel-macos-x86_64 | 1.6.0 | 192.00 | NOTE | |||
r-oldrel-windows-x86_64 | 1.6.0 | 122.00 | 189.00 | 311.00 | OK |
Version: 1.6.0
Check: Rd cross-references
Result: NOTE
Found the following Rd file(s) with Rd \link{} targets missing package
anchors:
setupX.Rd: cv.ncvreg
Please provide package anchors for all Rd \link{} targets not in the
package itself and the base packages.
Flavors: r-devel-linux-x86_64-debian-clang, r-devel-linux-x86_64-debian-gcc, r-devel-windows-x86_64
Version: 1.6.0
Check: installed package size
Result: NOTE
installed size is 5.3Mb
sub-directories of 1Mb or more:
libs 4.3Mb
Flavors: r-release-macos-arm64, r-release-macos-x86_64, r-oldrel-macos-arm64, r-oldrel-macos-x86_64