Last updated on 2024-12-19 23:50:29 CET.
Flavor | Version | Tinstall | Tcheck | Ttotal | Status | Flags |
---|---|---|---|---|---|---|
r-devel-linux-x86_64-debian-clang | 0.2 | 31.53 | 29.83 | 61.36 | OK | |
r-devel-linux-x86_64-debian-gcc | 0.2 | 24.10 | 23.34 | 47.44 | OK | |
r-devel-linux-x86_64-fedora-clang | 0.2 | 114.05 | OK | |||
r-devel-linux-x86_64-fedora-gcc | 0.2 | 113.37 | OK | |||
r-devel-windows-x86_64 | 0.2 | 34.00 | 85.00 | 119.00 | OK | |
r-patched-linux-x86_64 | 0.2 | 31.47 | 28.87 | 60.34 | NOTE | |
r-release-linux-x86_64 | 0.2 | 31.59 | 28.53 | 60.12 | NOTE | |
r-release-macos-arm64 | 0.2 | 36.00 | NOTE | |||
r-release-macos-x86_64 | 0.2 | 52.00 | NOTE | |||
r-release-windows-x86_64 | 0.2 | 35.00 | 68.00 | 103.00 | NOTE | |
r-oldrel-macos-arm64 | 0.2 | 37.00 | NOTE | |||
r-oldrel-macos-x86_64 | 0.2 | 61.00 | NOTE | |||
r-oldrel-windows-x86_64 | 0.2 | 42.00 | 81.00 | 123.00 | NOTE |
Version: 0.2
Check: LazyData
Result: NOTE
'LazyData' is specified without a 'data' directory
Flavors: r-patched-linux-x86_64, r-release-linux-x86_64, r-release-macos-arm64, r-release-macos-x86_64, r-release-windows-x86_64, r-oldrel-macos-arm64, r-oldrel-macos-x86_64, r-oldrel-windows-x86_64